77. Let n be 228/u + (-2)/(-11). Let y be q(n). Calculate the greatest common divisor of 11 and y.
11
Suppose -7*k + 4*k + 15 = 0. Suppose -110 = k*w - 20. Let t = -11 - w. Calculate the highest common factor of t and 49.
7
Let m(h) = 7*h**2 + 3*h + 4. Let i be m(-2). What is the highest common divisor of i and 39?
13
Let k be ((-180)/8)/9*-1*18. What is the greatest common divisor of k and 36?
9
Let i(l) = -l**3 - 5*l**3 + 4*l + 4*l**3 - 3*l + l**2. Let u be i(-2). Calculate the highest common factor of 6 and u.
6
Suppose -2*u - 3*u = -45. Let r = 13 - u. Let k be 8/(-6)*12/(-8). Calculate the greatest common factor of k and r.
2
Let z be 78 - -3*2/3. Let x = 24 + -14. Calculate the highest common factor of x and z.
10
Let l = 259 - 61. Calculate the highest common divisor of 18 and l.
18
Let x(u) = u**3 - 3*u**2 + 2*u - 2. Suppose 0*a + 4*a - 12 = 0. Let p be x(a). Let v be 386/8 + (-1)/p. What is the highest common divisor of 6 and v?
6
Let l be 15/(-9)*(0 + -39). Suppose 0 = 5*o + 6*k - 3*k - 142, -3*o = 5*k - 98. What is the highest common divisor of l and o?
13
Let c(t) = t**2 + t + 3. Let h be c(-7). Suppose -3*w = -3*x + h, x = 4*x + 5*w - 53. What is the highest common factor of 24 and x?
8
Suppose -3*t = 5*j - 25, 3*t - 8 = 3*j + 1. Let h be 26*3/j - 3. Calculate the greatest common divisor of h and 4.
4
Let w = 616 + -1046. Let t = -711 - w. Let u = -94 - t. Calculate the highest common divisor of u and 17.
17
Suppose 0 = 5*w - 4*v - 41, -4*w - v + 8 = -8. Let m = -14 - -29. Calculate the greatest common divisor of w and m.
5
Let p = 17 + -5. Let z = -174 + 267. Let d = -45 + z. What is the greatest common factor of p and d?
12
Let d(u) = 26*u + 3. Let r(t) = 9*t + 1. Let v(n) = -6*d(n) + 17*r(n). Let m be v(-1). Calculate the greatest common divisor of m and 1.
1
Let f = -27 - -35. Calculate the highest common divisor of 4 and f.
4
Let a be 40*((-2)/(-1) - 1). Calculate the highest common factor of a and 10.
10
Suppose 5*c - 288 = c. Let r be 4/6 - (-73)/3. Let d = r + -16. What is the highest common divisor of c and d?
9
Let z be (-26)/(-4) - (-8)/16. Suppose 4 = -w + 5*q, -3*w - w + 3*q + 1 = 0. Let x = z - w. Calculate the greatest common factor of 6 and x.
6
Let x(p) = -p**2 + 7*p + 5. Let m be x(7). Suppose -m*t - 4 = -7*t. Let k be 20/3*(-9)/(-6). What is the highest common divisor of t and k?
2
Suppose 3*i - 72 = -i. Let x be 9/i - (-350)/4. Calculate the highest common divisor of 8 and x.
8
Let v = 21 + -13. Let w be 6/(-4)*v/(-6). Let k be 98/(-21)*(-3)/w. What is the greatest common factor of 77 and k?
7
Let a = 127 + -75. Calculate the greatest common factor of 39 and a.
13
Let k = -4 - -4. Suppose k = -4*n + n. Suppose 42 = 2*a - 0*a + 2*b, -a - 2*b + 21 = n. Calculate the greatest common factor of a and 3.
3
Let h = -18 + 36. Suppose 0 = 3*z - 4*s + s + 6, -z + 5*s = h. Let q be (-32)/z*(-6)/4. What is the greatest common divisor of q and 8?
8
Let v(s) = -s**2 + 8*s - 1. Let y be v(6). Suppose 82 + 134 = 4*w - 4*f, 3*f + 217 = 4*w. Calculate the greatest common factor of w and y.
11
Let q = -12 + 21. Let d be (-25 + q)*9/(-2). Calculate the greatest common factor of d and 24.
24
Let r = -355 + 75. Let u be 6/5*r/(-6). Let m = 13 + 1. What is the greatest common divisor of m and u?
14
Suppose -92 = -5*u + 83. Calculate the highest common factor of 14 and u.
7
Let v(p) = -p**2 + 18*p - 15. Let r(x) = 3*x - 5. Let q be r(5). Let o be v(q). Let f = 12 + 14. What is the greatest common divisor of o and f?
13
Let z = 16 + -11. Suppose -z*s - 90 = -10*s. What is the greatest common divisor of 45 and s?
9
Let x be (0/(-2))/(3/(-3)). Suppose x*q = -2*q + 8. Suppose 31 = -q*a + 287. Calculate the highest common divisor of a and 8.
8
Let f(p) = -p**2 + 3*p. Let g be f(3). Suppose -5*w - 8 = n - g*w, 4*n - w - 52 = 0. Calculate the highest common divisor of 108 and n.
12
Suppose 5 = d - 5*a - 2, 4*d - 28 = -3*a. Calculate the greatest common factor of d and 14.
7
Let x = -10 - -15. Suppose -b + 26 = m - 0*b, x*m - 2*b = 144. Calculate the greatest common divisor of m and 14.
14
Suppose -5*j = -203 - 117. Let g = 155 - j. What is the greatest common divisor of g and 13?
13
Let f be (-12)/18 + 22/(-3). Let b = 2 - f. What is the greatest common divisor of b and 15?
5
Let a be ((-49)/14)/(2/(-24)). Suppose 7*u - 5*u - a = 0. What is the greatest common factor of u and 21?
21
Let z(h) = h**3 - 2*h + 1. Let r be z(2). Suppose 0 = 14*a - 176 - 34. Calculate the greatest common factor of a and r.
5
Suppose -3*i + 2*i + 14 = 0. Suppose 0 = f - 4*f + 420. What is the highest common factor of i and f?
14
Let h = 32 + -20. Let y be 6/(-30) - 8/10. Let d be (0 - -1)/(y/(-6)). What is the greatest common divisor of d and h?
6
Let s = 14 + 2. Let f = 53 + -5. What is the highest common factor of s and f?
16
Let w = 29 - 13. What is the highest common factor of 8 and w?
8
Let i(g) = g**2 + 4*g + 3. Let b be i(-5). Let k = -7 + b. Let m be (-138)/(-8) - k/4. Calculate the greatest common factor of m and 34.
17
Let j(x) = x - 6. Let a be j(6). Suppose a = 3*t - 115 + 19. Calculate the greatest common factor of 4 and t.
4
Let j(l) = -l + 3. Let i be j(-6). Suppose 0 = -3*n + 160 + 29. Let u = n - 18. What is the greatest common divisor of u and i?
9
Suppose 0*c = -c + 4. Suppose 5*b = 4*i + 4, 9*i - 40 = c*i - 5*b. Let y be ((-81)/(-6))/((-3)/(-8)). Calculate the greatest common factor of y and i.
4
Let i be (-3)/(-2*(-6)/(-8)). Suppose -4*w = -m - 5 + 2, 0 = 2*w - i. Calculate the greatest common divisor of 7 and m.
1
Let r = -23 + 28. Calculate the greatest common divisor of 1 and r.
1
Let k be 9 - 9 - (94 - -1). Let s = k + 149. What is the greatest common factor of s and 36?
18
Let o be -4*(-1)/4*2. Let d(a) = a**2 - 2*a + 3. Let s be d(-3). Calculate the greatest common factor of s and o.
2
Let k(g) = 3*g + 16. Let v be k(-4). Calculate the greatest common factor of v and 12.
4
Suppose -2*y + 36 = -y. Suppose -n - y = -5*n. Calculate the highest common factor of 36 and n.
9
Suppose 6*v - 124 - 26 = 0. What is the greatest common factor of v and 225?
25
Let t(b) = b**2 - 6*b + 8. Let w be t(6). Let g = 693 - 412. Suppose -2*u + x = -160, 4*u - x - g - 39 = 0. What is the greatest common factor of u and w?
8
Suppose -100 = -3*j - 5*y, -j - 3*j = 3*y - 148. What is the highest common factor of 10 and j?
10
Suppose 5*v = -f + 49, 5*v - 11 = -5*f + 194. Calculate the greatest common divisor of 26 and f.
13
Suppose 5*u = -3*b + 39 + 56, -1 = -u. What is the highest common factor of 45 and b?
15
Suppose -4*u = -5*y + 33, 2*u = -2*u - 5*y - 63. Let k be (-902)/u + (-2)/12. Calculate the highest common divisor of k and 15.
15
Let h(a) = -a**2 - 7*a + 8. Let u be h(-6). Calculate the greatest common factor of u and 2.
2
Let f be (-112)/(-3) + (-8)/(-12). Let n = 68 - f. Calculate the highest common factor of 10 and n.
10
Let i(f) = 2*f**2 - f. Let a be i(5). Suppose -5*s + 23 = -r - 0*r, -s = -4. Let y be -2*9/6*r. What is the greatest common factor of y and a?
9
Let i(q) = q**3 + q**2 + q + 20. Let m be i(0). What is the greatest common divisor of m and 4?
4
Let d(f) = -f**3 - 6*f**2 - 3*f + 4. Suppose -b + 20 = -5*b. Let g be d(b). Let c be (-2)/3 - 130/g. What is the greatest common factor of c and 14?
7
Suppose -112 = -5*c - 17. Suppose 3 = -4*o - 1. Let x(j) = -209*j**3 + j**2 + 2*j + 1. Let l be x(o). What is the highest common divisor of l and c?
19
Let y(z) = -80*z**3 + z + 1. Let x be y(-1). Suppose -3*j + 4*p + 48 = 0, -92 = -2*j - 2*j - 4*p. What is the greatest common factor of x and j?
20
Suppose -4*y - 212 = -8*y. Suppose -12 = -5*d + 4*j + 25, 0 = 5*d + 4*j - y. What is the highest common divisor of 63 and d?
9
Suppose 0 = -0*b - 3*b. Let y = b + 7. What is the greatest common divisor of y and 77?
7
Suppose -4*n + 21 = -43. Let z be (35/2)/(8/n). Suppose 0 = 5*b - 32 - 38. Calculate the greatest common factor of b and z.
7
Let t(f) = -f**3 - 14*f**2 + 10*f - 15. Let i be t(-15). Calculate the highest common factor of 12 and i.
12
Let i(v) = 11*v + 9. Let u be i(3). What is the greatest common factor of 6 and u?
6
Let m(i) = i**2 - 4*i + 5. Let d be m(5). Let j be (-4)/d - (-104)/10. Calculate the greatest common factor of j and 80.
1